d 2822.
166
Calculate the greatest common divisor of 2 and 62.
2
What is the highest common divisor of 48 and 456?
24
What is the greatest common divisor of 936 and 414?
18
Calculate the highest common factor of 3220 and 56.
28
What is the greatest common factor of 72 and 8124?
12
Calculate the greatest common factor of 221 and 51.
17
Calculate the highest common divisor of 74 and 592.
74
What is the highest common factor of 402 and 2?
2
Calculate the highest common factor of 14 and 49.
7
What is the greatest common factor of 65 and 40?
5
What is the highest common divisor of 168 and 210?
42
Calculate the highest common divisor of 40 and 80.
40
What is the greatest common divisor of 999 and 54?
27
What is the highest common divisor of 310 and 20?
10
Calculate the greatest common factor of 5376 and 2176.
128
What is the greatest common factor of 1071 and 21?
21
Calculate the highest common factor of 252 and 180.
36
What is the highest common divisor of 17 and 1037?
17
Calculate the highest common factor of 124 and 279.
31
Calculate the highest common divisor of 80 and 3480.
40
What is the highest common divisor of 10591 and 119?
119
What is the greatest common factor of 455 and 1014?
13
Calculate the greatest common divisor of 160 and 65.
5
Calculate the greatest common factor of 152 and 2242.
38
What is the greatest common divisor of 10521 and 126?
63
What is the greatest common divisor of 2204 and 29?
29
What is the greatest common divisor of 2028 and 156?
156
What is the highest common factor of 71 and 1349?
71
What is the greatest common factor of 208 and 962?
26
What is the greatest common divisor of 3672 and 24?
24
Calculate the greatest common factor of 7035 and 42.
21
Calculate the greatest common divisor of 264 and 396.
132
Calculate the highest common divisor of 16 and 2648.
8
Calculate the greatest common factor of 221 and 52.
13
What is the greatest common factor of 2228 and 4?
4
What is the highest common factor of 162 and 18?
18
Calculate the greatest common factor of 2 and 46.
2
Calculate the highest common divisor of 90 and 11538.
18
Calculate the greatest common divisor of 14 and 1883.
7
Calculate the greatest common factor of 5376 and 1456.
112
Calculate the highest common factor of 559 and 702.
13
Calculate the highest common factor of 110 and 50.
10
Calculate the highest common factor of 2597 and 196.
49
Calculate the highest common divisor of 642 and 3103.
107
Calculate the highest common divisor of 16 and 29.
1
What is the highest common factor of 630 and 140?
70
What is the greatest common divisor of 1 and 71?
1
Calculate the highest common divisor of 984 and 24.
24
Calculate the greatest common factor of 70 and 154.
14
Calculate the greatest common divisor of 5 and 179.
1
What is the greatest common divisor of 1026 and 54?
54
What is the greatest common factor of 1147 and 37?
37
Calculate the highest common divisor of 1410 and 110.
10
Calculate the greatest common factor of 58 and 4176.
58
What is the greatest common divisor of 156 and 6504?
12
What is the highest common divisor of 208 and 52?
52
What is the highest common divisor of 480 and 288?
96
Calculate the greatest common factor of 1067 and 121.
11
What is the greatest common divisor of 38 and 76?
38
What is the highest common divisor of 603 and 1340?
67
What is the highest common factor of 25 and 155?
5
Calculate the greatest common factor of 16277 and 41.
41
What is the greatest common factor of 19912 and 8?
8
Calculate the greatest common factor of 798 and 228.
114
What is the greatest common divisor of 10368 and 128?
128
Calculate the highest common factor of 22 and 1177.
11
Calculate the highest common divisor of 171 and 9.
9
What is the highest common factor of 10680 and 18?
6
What is the highest common divisor of 805 and 14?
7
What is the highest common factor of 5559 and 2289?
327
What is the highest common divisor of 2 and 734?
2
What is the greatest common factor of 10 and 198?
2
Calculate the highest common factor of 3791 and 17.
17
Calculate the highest common factor of 272 and 6.
2
What is the highest common factor of 2800 and 84?
28
Calculate the greatest common factor of 1114 and 22.
2
Calculate the greatest common divisor of 224 and 7.
7
Calculate the highest common factor of 231 and 42.
21
Calculate the greatest common divisor of 22487 and 339.
113
What is the highest common divisor of 65 and 55?
5
Calculate the highest common divisor of 13 and 1196.
13
Calculate the highest common divisor of 3380 and 40.
20
What is the greatest common factor of 1255 and 35?
5
What is the highest common factor of 1404 and 24?
12
Calculate the highest common divisor of 116 and 174.
58
Calculate the greatest common factor of 1802 and 34.
34
Calculate the highest common factor of 3162 and 612.
102
What is the highest common factor of 98 and 441?
49
What is the greatest common divisor of 44 and 44?
44
Calculate the highest common divisor of 384 and 672.
96
Calculate the greatest common factor of 2358 and 36.
18
What is the greatest common factor of 117 and 414?
9
Calculate the highest common factor of 120 and 40.
40
Calculate the highest common factor of 17 and 17.
17
Calculate the highest common divisor of 2 and 8098.
2
What is the greatest common divisor of 930 and 62?
62
Calculate the highest common factor of 1305 and 4930.
145
What is the highest common divisor of 14 and 266?
14
Calculate the greatest common factor of 34 and 391.
17
What is the highest common divisor of 12828 and 12?
12
Calculate the greatest common factor of 84 and 264.
12
Calculate the highest common divisor of 12792 and 24.
24
Calculate the highest common divisor of 3108 and 333.
111
Calculate the greatest common factor of 124 and 4588.
124
What is the greatest common factor of 248 and 26660?
124
What is the highest common factor of 115 and 69?
23
What is the highest common factor of 80 and 256?
16
Calculate the greatest common factor of 238 and 434.
14
What is the greatest common divisor of 119 and 1309?
119
Calculate the greatest common factor of 581 and 259.
7
What is the highest common factor of 1639 and 11?
11
What is the highest common factor of 153 and 357?
51
What is the highest common divisor of 3201 and 3492?
291
Calculate the greatest common divisor of 200 and 425.
25
Calculate the highest common divisor of 30 and 1665.
15
Calculate the greatest common factor of 9 and 53.
1
What is the greatest common divisor of 2670 and 30?
30
Calculate the greatest common factor of 578 and 10.
2
Calculate the greatest common factor of 12 and 4908.
12
What is the highest common factor of 1760 and 112?
16
Calculate the greatest common divisor of 1044 and 580.
116
Calculate the greatest common factor of 17435 and 55.
55
What is the highest common divisor of 39 and 208?
13
Calculate the highest common factor of 105 and 3080.
35
What is the greatest common divisor of 14 and 3178?
14
Calculate the greatest common factor of 893 and 703.
19
Calculate the highest common divisor of 1078 and 110.
22
What is the greatest common divisor of 12035 and 3320?
415
Calculate the highest common factor of 1488 and 93.
93
Calculate the greatest common factor of 78 and 832.
26
Calculate the highest common divisor of 190 and 530.
10
Calculate the highest common factor of 2 and 14.
2
What is the highest common divisor of 3596 and 116?
116
What is the highest common divisor of 42 and 3346?
14
What is the greatest common factor of 1089 and 18?
9
Calculate the greatest common factor of 304 and 95.
19
What is the highest common factor of 116 and 348?
116
Calculate the greatest common factor of 225 and 175.
25
Calculate the greatest common divisor of 18125 and 250.
125
Calculate the highest common factor of 93 and 31341.
93
Calculate the highest common factor of 4 and 7088.
4
Calculate the highest common factor of 1273 and 134.
67
Calculate the highest common divisor of 12 and 100.
4
What is the greatest common factor of 841 and 11?
1
Calculate the highest common divisor of 2014 and 114.
38
What is the highest common factor of 45 and 261?
9
What is the greatest common divisor of 1344 and 21?
21
Calculate the highest common factor of 8371 and 11.
11
What is the highest common divisor of 77 and 341?
11
Calculate the greatest